{"id":2141,"date":"2016-12-16T09:42:49","date_gmt":"2016-12-16T08:42:49","guid":{"rendered":"http:\/\/assmat-62.fr\/espace-parents\/?page_id=2141"},"modified":"2024-09-12T08:05:54","modified_gmt":"2024-09-12T07:05:54","slug":"assistante-maternelle","status":"publish","type":"page","link":"https:\/\/assmat-62.fr\/espace-parents\/","title":{"rendered":"Nourrice agr\u00e9\u00e9e disponible secteur Tincques,"},"content":{"rendered":"<p align=\"left\">Vous recherchez une nounou professionnelle sur le secteur de Penin et ses environs : Doffines, Izel-L\u00e8s-Hameau, Hermaville, Noyelle-Vion, Manin, Maizi\u00e8re, Averdoingt, Tincques, Berles Monchel, Savy-Berlette, Aubigny en Artois&#8230;<\/p>\n<h2 align=\"left\">Je vous propose mes services et mon exp\u00e9rience de nourrice.<\/h2>\n<p align=\"left\">Pour me pr\u00e9senter, je m&rsquo;appelle Delphine DENECKER, je suis n\u00e9e en 1973 et j&rsquo;exerce avec passion le m\u00e9tier d&rsquo;assistante maternelle depuis 1999.<br \/>\nJ&rsquo;habite au 11 Hameau de Doffines \u00e0 Penin (62127) <strong>T\u00e9l : 07.83.68.80.62<\/strong><\/p>\n<blockquote>\n<h2 align=\"left\"><strong>J&rsquo;ai un agr\u00e9ment qui m&rsquo;autorise un accueil de 4 enfants.<\/p>\n<p><span style=\"color: #ff0000;\">J&rsquo;ai actuellement 1 place de disponible.<\/span><br \/>\n<\/strong><\/h2>\n<\/blockquote>\n<div>\n<h3 align=\"left\"><a href=\"http:\/\/assmat-62.fr\/espace-parents\/contactez-nounou-delphine\/\"><img loading=\"lazy\" decoding=\"async\" class=\"alignright wp-image-2175 size-medium\" src=\"http:\/\/assmat-62.fr\/espace-parents\/wp-content\/uploads\/2016\/12\/text4464-4-193x400.png\" width=\"193\" height=\"400\" srcset=\"https:\/\/assmat-62.fr\/espace-parents\/wp-content\/uploads\/2016\/12\/text4464-4-193x400.png 193w, https:\/\/assmat-62.fr\/espace-parents\/wp-content\/uploads\/2016\/12\/text4464-4.png 200w\" sizes=\"auto, (max-width: 193px) 100vw, 193px\" \/><\/a>formation de base \u00e9tablie en 2004 : formations CREFO institut Fepem<\/h3>\n<\/div>\n<div align=\"left\">\n<ul>\n<li>favoriser la relation enfants \/ famille<\/li>\n<li>accueil d&rsquo;un enfant en situation de handicap<\/li>\n<li>\u00e9veil musicale<\/li>\n<li>accueillir l&rsquo;enfant de moins de 3 ans<\/li>\n<li>prendre soin de soi pour prendre soin des autres<\/li>\n<\/ul>\n<\/div>\n<div><\/div>\n<div>\n<div align=\"left\">Activit\u00e9s et sorties en relation avec le <strong>RAM<\/strong> (relais assistantes maternelles) de Tincques<\/div>\n<\/div>\n<div><\/div>\n<div>\n<div align=\"left\">J&rsquo;organise des espaces diversifi\u00e9s et adapt\u00e9s aux enfants selon leurs \u00e2ges, dans un cadre s\u00e9curis\u00e9 permettant de se mouvoir librement et de jouer de fa\u00e7on autonome. Un contexte id\u00e9al pour leur d\u00e9veloppement !<\/div>\n<\/div>\n<div>\n<div align=\"left\"><em>\u00a0<\/em><\/div>\n<\/div>\n<div>\n<p align=\"left\"><u>Quelques exemple de jeux :<\/u><\/p>\n<div align=\"left\">\n<ul>\n<li>jeux de manipulation : p\u00e2te \u00e0 sel, p\u00e2te \u00e0 modeler, peinture&#8230;<\/li>\n<li>jeux de transvasement<\/li>\n<li>jeux de r\u00f4les<\/li>\n<li>jeux symboliques (marionnettes, d\u00e9guisements, voitures&#8230;)<\/li>\n<li>jeux d&rsquo;imitation : m\u00e9nage, cuisine, bricolage, jardinage&#8230;<\/li>\n<li>jeux \u00e9ducatifs : jeux d&#8217;emboitements, loto, puzzle<\/li>\n<li>activit\u00e9s motrices<\/li>\n<li>chants et musiques (relaxation, chansons \u00e0 gestes, instruments&#8230;)<\/li>\n<li>jeux de plein air : promenade, air de jeux&#8230;<\/li>\n<\/ul>\n<\/div>\n<\/div>\n<div><\/div>\n<div>\n<div align=\"left\"><u><a href=\"http:\/\/assmat-62.fr\/nourrice-agreee-pas-de-calais.php\"><img loading=\"lazy\" decoding=\"async\" class=\"alignleft wp-image-2172 size-medium\" src=\"http:\/\/assmat-62.fr\/espace-parents\/wp-content\/uploads\/2016\/12\/text4464-7-3-192x400.png\" width=\"192\" height=\"400\" srcset=\"https:\/\/assmat-62.fr\/espace-parents\/wp-content\/uploads\/2016\/12\/text4464-7-3-192x400.png 192w, https:\/\/assmat-62.fr\/espace-parents\/wp-content\/uploads\/2016\/12\/text4464-7-3.png 200w\" sizes=\"auto, (max-width: 192px) 100vw, 192px\" \/><\/a>La sieste et les repas<\/u> sont propres \u00e0 chaque enfant dans un climat de tranquillit\u00e9.<strong> Un accueil<\/strong> adapt\u00e9 pour vous suivre dans vos choix p\u00e9dagogiques et vos valeurs \u00e9ducatives\u00a0afin de suivre au mieux votre enfant dans tous les actes de la vie quotidienne, dans un cadre s\u00e9curisant avec des r\u00e8gles bien \u00e9tablies. Un cahier de liaison instaur\u00e9 pour transmettre les temps forts de la journ\u00e9e et\u00a0un cahier d&rsquo;activit\u00e9s permettant de voir l&rsquo;\u00e9volution de votre enfant et laissant un souvenir&#8230;<br \/>\n<a href=\"http:\/\/assmat-62.fr\/nourrice-agreee-pas-de-calais.php\"><strong>&gt;&gt; Pour en savoir plus sur mon mode de fonctionnement.<\/strong><\/a><\/div>\n<\/div>\n<div><\/div>\n<div>\n<hr \/>\n<\/div>\n<div><\/div>\n<p align=\"center\"><em>Le site de Nounou Delphine est partenaire de <a href=\"http:\/\/www.nounou-top.fr\/\" target=\"_blank\" rel=\"noopener noreferrer\">nounou-top<\/a> pour la qualit\u00e9 de ses services ainsi que pour ses informations sur les <a href=\"http:\/\/www.nounou-top.fr\/info\/child-intro\" target=\"_blank\" rel=\"noopener noreferrer\">diff\u00e9rents modes de garde pour les enfants<\/a> !<\/em><\/p>\n","protected":false},"excerpt":{"rendered":"<p>Vous recherchez une nounou professionnelle sur le secteur de Penin et ses environs : Doffines, Izel-L\u00e8s-Hameau, Hermaville, Noyelle-Vion, Manin, Maizi\u00e8re, Averdoingt, Tincques, Berles Monchel, Savy-Berlette, Aubigny en Artois&#8230; Je vous propose mes services et mon exp\u00e9rience de nourrice. Pour me pr\u00e9senter, je m&rsquo;appelle Delphine DENECKER, je suis n\u00e9e en 1973 et j&rsquo;exerce avec passion le [&hellip;]<\/p>\n","protected":false},"author":1,"featured_media":0,"parent":0,"menu_order":0,"comment_status":"closed","ping_status":"closed","template":"","meta":{"footnotes":""},"class_list":["post-2141","page","type-page","status-publish","hentry"],"yoast_head":"<!-- This site is optimized with the Yoast SEO plugin v27.5 - https:\/\/yoast.com\/product\/yoast-seo-wordpress\/ -->\n<title>Assistante maternelle agr\u00e9\u00e9e 62127 Pas-de-Calais : nounou pour enfants.<\/title>\n<meta name=\"description\" content=\"Vous recherchez une nourrice Assistante maternelle agr\u00e9e, assmat62 est le site de Delphine Denecker, nounou depuis 1999 \u00e0 Penin (pas-de-calais)\" \/>\n<meta name=\"robots\" content=\"index, follow, max-snippet:-1, max-image-preview:large, max-video-preview:-1\" \/>\n<link rel=\"canonical\" href=\"https:\/\/assmat-62.fr\/espace-parents\/\" \/>\n<meta property=\"og:locale\" content=\"fr_FR\" \/>\n<meta property=\"og:type\" content=\"article\" \/>\n<meta property=\"og:title\" content=\"Assistante maternelle agr\u00e9\u00e9e 62127 Pas-de-Calais : nounou pour enfants.\" \/>\n<meta property=\"og:description\" content=\"Vous recherchez une nourrice Assistante maternelle agr\u00e9e, assmat62 est le site de Delphine Denecker, nounou depuis 1999 \u00e0 Penin (pas-de-calais)\" \/>\n<meta property=\"og:url\" content=\"https:\/\/assmat-62.fr\/espace-parents\/\" \/>\n<meta property=\"og:site_name\" content=\"Chez Nounou Delphine\" \/>\n<meta property=\"article:modified_time\" content=\"2024-09-12T07:05:54+00:00\" \/>\n<meta property=\"og:image\" content=\"http:\/\/assmat-62.fr\/espace-parents\/wp-content\/uploads\/2016\/12\/text4464-4-193x400.png\" \/>\n<meta name=\"twitter:card\" content=\"summary_large_image\" \/>\n<meta name=\"twitter:label1\" content=\"Dur\u00e9e de lecture estim\u00e9e\" \/>\n\t<meta name=\"twitter:data1\" content=\"3 minutes\" \/>\n<script type=\"application\/ld+json\" class=\"yoast-schema-graph\">{\"@context\":\"https:\\\/\\\/schema.org\",\"@graph\":[{\"@type\":\"WebPage\",\"@id\":\"https:\\\/\\\/assmat-62.fr\\\/espace-parents\\\/\",\"url\":\"https:\\\/\\\/assmat-62.fr\\\/espace-parents\\\/\",\"name\":\"Assistante maternelle agr\u00e9\u00e9e 62127 Pas-de-Calais : nounou pour enfants.\",\"isPartOf\":{\"@id\":\"https:\\\/\\\/assmat-62.fr\\\/espace-parents\\\/#website\"},\"primaryImageOfPage\":{\"@id\":\"https:\\\/\\\/assmat-62.fr\\\/espace-parents\\\/#primaryimage\"},\"image\":{\"@id\":\"https:\\\/\\\/assmat-62.fr\\\/espace-parents\\\/#primaryimage\"},\"thumbnailUrl\":\"http:\\\/\\\/assmat-62.fr\\\/espace-parents\\\/wp-content\\\/uploads\\\/2016\\\/12\\\/text4464-4-193x400.png\",\"datePublished\":\"2016-12-16T08:42:49+00:00\",\"dateModified\":\"2024-09-12T07:05:54+00:00\",\"description\":\"Vous recherchez une nourrice Assistante maternelle agr\u00e9e, assmat62 est le site de Delphine Denecker, nounou depuis 1999 \u00e0 Penin (pas-de-calais)\",\"breadcrumb\":{\"@id\":\"https:\\\/\\\/assmat-62.fr\\\/espace-parents\\\/#breadcrumb\"},\"inLanguage\":\"fr-FR\",\"potentialAction\":[{\"@type\":\"ReadAction\",\"target\":[\"https:\\\/\\\/assmat-62.fr\\\/espace-parents\\\/\"]}]},{\"@type\":\"ImageObject\",\"inLanguage\":\"fr-FR\",\"@id\":\"https:\\\/\\\/assmat-62.fr\\\/espace-parents\\\/#primaryimage\",\"url\":\"http:\\\/\\\/assmat-62.fr\\\/espace-parents\\\/wp-content\\\/uploads\\\/2016\\\/12\\\/text4464-4-193x400.png\",\"contentUrl\":\"http:\\\/\\\/assmat-62.fr\\\/espace-parents\\\/wp-content\\\/uploads\\\/2016\\\/12\\\/text4464-4-193x400.png\"},{\"@type\":\"BreadcrumbList\",\"@id\":\"https:\\\/\\\/assmat-62.fr\\\/espace-parents\\\/#breadcrumb\",\"itemListElement\":[{\"@type\":\"ListItem\",\"position\":1,\"name\":\"Accueil\",\"item\":\"https:\\\/\\\/assmat-62.fr\\\/espace-parents\\\/\"},{\"@type\":\"ListItem\",\"position\":2,\"name\":\"Nourrice agr\u00e9\u00e9e disponible secteur Tincques,\"}]},{\"@type\":\"WebSite\",\"@id\":\"https:\\\/\\\/assmat-62.fr\\\/espace-parents\\\/#website\",\"url\":\"https:\\\/\\\/assmat-62.fr\\\/espace-parents\\\/\",\"name\":\"Chez Nounou Delphine\",\"description\":\"\",\"potentialAction\":[{\"@type\":\"SearchAction\",\"target\":{\"@type\":\"EntryPoint\",\"urlTemplate\":\"https:\\\/\\\/assmat-62.fr\\\/espace-parents\\\/?s={search_term_string}\"},\"query-input\":{\"@type\":\"PropertyValueSpecification\",\"valueRequired\":true,\"valueName\":\"search_term_string\"}}],\"inLanguage\":\"fr-FR\"}]}<\/script>\n<!-- \/ Yoast SEO plugin. -->","yoast_head_json":{"title":"Assistante maternelle agr\u00e9\u00e9e 62127 Pas-de-Calais : nounou pour enfants.","description":"Vous recherchez une nourrice Assistante maternelle agr\u00e9e, assmat62 est le site de Delphine Denecker, nounou depuis 1999 \u00e0 Penin (pas-de-calais)","robots":{"index":"index","follow":"follow","max-snippet":"max-snippet:-1","max-image-preview":"max-image-preview:large","max-video-preview":"max-video-preview:-1"},"canonical":"https:\/\/assmat-62.fr\/espace-parents\/","og_locale":"fr_FR","og_type":"article","og_title":"Assistante maternelle agr\u00e9\u00e9e 62127 Pas-de-Calais : nounou pour enfants.","og_description":"Vous recherchez une nourrice Assistante maternelle agr\u00e9e, assmat62 est le site de Delphine Denecker, nounou depuis 1999 \u00e0 Penin (pas-de-calais)","og_url":"https:\/\/assmat-62.fr\/espace-parents\/","og_site_name":"Chez Nounou Delphine","article_modified_time":"2024-09-12T07:05:54+00:00","og_image":[{"url":"http:\/\/assmat-62.fr\/espace-parents\/wp-content\/uploads\/2016\/12\/text4464-4-193x400.png","type":"","width":"","height":""}],"twitter_card":"summary_large_image","twitter_misc":{"Dur\u00e9e de lecture estim\u00e9e":"3 minutes"},"schema":{"@context":"https:\/\/schema.org","@graph":[{"@type":"WebPage","@id":"https:\/\/assmat-62.fr\/espace-parents\/","url":"https:\/\/assmat-62.fr\/espace-parents\/","name":"Assistante maternelle agr\u00e9\u00e9e 62127 Pas-de-Calais : nounou pour enfants.","isPartOf":{"@id":"https:\/\/assmat-62.fr\/espace-parents\/#website"},"primaryImageOfPage":{"@id":"https:\/\/assmat-62.fr\/espace-parents\/#primaryimage"},"image":{"@id":"https:\/\/assmat-62.fr\/espace-parents\/#primaryimage"},"thumbnailUrl":"http:\/\/assmat-62.fr\/espace-parents\/wp-content\/uploads\/2016\/12\/text4464-4-193x400.png","datePublished":"2016-12-16T08:42:49+00:00","dateModified":"2024-09-12T07:05:54+00:00","description":"Vous recherchez une nourrice Assistante maternelle agr\u00e9e, assmat62 est le site de Delphine Denecker, nounou depuis 1999 \u00e0 Penin (pas-de-calais)","breadcrumb":{"@id":"https:\/\/assmat-62.fr\/espace-parents\/#breadcrumb"},"inLanguage":"fr-FR","potentialAction":[{"@type":"ReadAction","target":["https:\/\/assmat-62.fr\/espace-parents\/"]}]},{"@type":"ImageObject","inLanguage":"fr-FR","@id":"https:\/\/assmat-62.fr\/espace-parents\/#primaryimage","url":"http:\/\/assmat-62.fr\/espace-parents\/wp-content\/uploads\/2016\/12\/text4464-4-193x400.png","contentUrl":"http:\/\/assmat-62.fr\/espace-parents\/wp-content\/uploads\/2016\/12\/text4464-4-193x400.png"},{"@type":"BreadcrumbList","@id":"https:\/\/assmat-62.fr\/espace-parents\/#breadcrumb","itemListElement":[{"@type":"ListItem","position":1,"name":"Accueil","item":"https:\/\/assmat-62.fr\/espace-parents\/"},{"@type":"ListItem","position":2,"name":"Nourrice agr\u00e9\u00e9e disponible secteur Tincques,"}]},{"@type":"WebSite","@id":"https:\/\/assmat-62.fr\/espace-parents\/#website","url":"https:\/\/assmat-62.fr\/espace-parents\/","name":"Chez Nounou Delphine","description":"","potentialAction":[{"@type":"SearchAction","target":{"@type":"EntryPoint","urlTemplate":"https:\/\/assmat-62.fr\/espace-parents\/?s={search_term_string}"},"query-input":{"@type":"PropertyValueSpecification","valueRequired":true,"valueName":"search_term_string"}}],"inLanguage":"fr-FR"}]}},"_links":{"self":[{"href":"https:\/\/assmat-62.fr\/espace-parents\/wp-json\/wp\/v2\/pages\/2141","targetHints":{"allow":["GET"]}}],"collection":[{"href":"https:\/\/assmat-62.fr\/espace-parents\/wp-json\/wp\/v2\/pages"}],"about":[{"href":"https:\/\/assmat-62.fr\/espace-parents\/wp-json\/wp\/v2\/types\/page"}],"author":[{"embeddable":true,"href":"https:\/\/assmat-62.fr\/espace-parents\/wp-json\/wp\/v2\/users\/1"}],"replies":[{"embeddable":true,"href":"https:\/\/assmat-62.fr\/espace-parents\/wp-json\/wp\/v2\/comments?post=2141"}],"version-history":[{"count":11,"href":"https:\/\/assmat-62.fr\/espace-parents\/wp-json\/wp\/v2\/pages\/2141\/revisions"}],"predecessor-version":[{"id":3037,"href":"https:\/\/assmat-62.fr\/espace-parents\/wp-json\/wp\/v2\/pages\/2141\/revisions\/3037"}],"wp:attachment":[{"href":"https:\/\/assmat-62.fr\/espace-parents\/wp-json\/wp\/v2\/media?parent=2141"}],"curies":[{"name":"wp","href":"https:\/\/api.w.org\/{rel}","templated":true}]}}